 Let o be p(-1). Let k = o - r. What are the prime factors of k?
3, 47
Let m(q) = -350*q + 1571. List the prime factors of m(-108).
39371
Suppose 5 + 5 = -2*b. Let y(q) = q**3 + 4*q**2 - 7*q - 7. Let n be y(b). Suppose 3*s - 3*d - 204 = 0, 5*d = -n*s + 6*d + 206. What are the prime factors of s?
3, 23
Suppose 5*z = -z + 54. Let a be (1282/4)/(8 - z)*4. What are the prime factors of (-18)/81 - a/18?
71
Suppose 3*g + 2*y = 74489, 51*y - 49638 = -2*g + 55*y. What are the prime factors of g?
11, 37, 61
Let r(h) = 3*h**2 + 92*h - 448. List the prime factors of r(73).
5, 4451
Suppose -4*w + 5*a + 47948 = 0, 8*a + 47948 = 4*w + 5*a. Suppose 20*o - 3173 = w. List the prime factors of o.
2, 379
Let r = -50 + 53. Let a be r/(((-6)/(-4))/(-1)) - -6. Suppose -3*c - 446 = -5*x, -6*c + 376 = a*x - 2*c. List the prime factors of x.
7, 13
Let t(k) = k**2 - 7. Let f be t(3). Suppose -f*q + 3 = 4*d + 7, 0 = 3*d + 6. Suppose 2*s - o - 15 = 1, 0 = o - q. List the prime factors of s.
3
Let j = 7554 - -1843. What are the prime factors of j?
9397
Suppose 3 - 19 = -4*y. Suppose 19*n = y*n. Suppose -2*v - v + 147 = n. List the prime factors of v.
7
Let g = 218 - 215. Suppose 5*h = 5*f + 1935, 0*h - 3*f = g*h - 1185. List the prime factors of h.
17, 23
Suppose 4*h - j + 156 = 0, 3*h + 79 = -5*j - 61. Let u be 2/((-4)/10 + (-36)/h). Suppose 225 = t + t - a, -3*t + u*a + 330 = 0. List the prime factors of t.
2, 3, 19
Suppose -5*g + 8*g - 15 = 0, 3*z + g - 9974 = 0. Suppose 11*m - 2980 = z. What are the prime factors of m?
3, 191
Let i = -41 + 41. Suppose 5*q - 1032 + 67 = i. What are the prime factors of q?
193
Let r(o) be the first derivative of 35*o**3/3 - 7*o**2/2 - 7*o + 4. List the prime factors of r(3).
7, 41
Let d(l) = -8 - 4979*l - 3 + 5747*l. List the prime factors of d(1).
757
Let v(h) = 4*h**2 - 7*h + 20. Let l = 182 - 172. What are the prime factors of v(l)?
2, 5, 7
Let u = 249 + -240. Suppose 3*q = -5*i + 2435, 10 = -7*q + u*q. What are the prime factors of i?
2, 11
What are the prime factors of -1*(-16094)/8*(-7 + 6 + 5)?
13, 619
Let y = -3 - 2. Let t be ((-169)/y + 1)/(6/80). Suppose -2*v + 6*v - t = 0. What are the prime factors of v?
2, 29
List the prime factors of (-33990)/((-12)/4) - (8 + 0).
2, 3, 17, 37
Let w be 15/(-5) - (0 - (-524)/(-4)). Suppose w*p = 131*p - 99. Let s = p - -10. List the prime factors of s.
43
Let f = 1204 + -662. Let p = 774 - f. What are the prime factors of p?
2, 29
Suppose -29 = 4*j - 13. Let k(t) = -6*t - 24. Let o be k(j). Suppose o = 40*d - 38*d - 124. List the prime factors of d.
2, 31
Let f(c) = -2*c**2 - 15. Let u be f(0). Let l(r) = -r**3 - 13*r**2 + 22*r + 24. Let k be l(u). Suppose -2*g = -3*g + k. What are the prime factors of g?
2, 3
Let i = 31 + -29. Suppose -a - i - 4 = -2*w, -2*a - 15 = -5*w. Suppose -d = -w*l + 754 - 195, 5*l - 5*d - 945 = 0. What are the prime factors of l?
5, 37
Suppose -4 = s - 2*g - 3, -2*s = 2*g - 10. List the prime factors of 2 - -163 - 1/(4 - s).
2, 41
Suppose -243*x + 493*x - 74223 = 241*x. What are the prime factors of x?
3, 2749
Let d(p) = -11*p - 32. Let v = -140 + 136. Let l be d(v). What are the prime factors of ((-44)/l)/(5/(-315))?
3, 7, 11
Let p = -4673 - -46696. What are the prime factors of p?
42023
Let w = -33 + 27. Let z be (w/15)/(2/(-35)). Suppose -2*d - z*l + 161 = -2*l, 5*d + 4*l = 394. List the prime factors of d.
2, 3, 13
Let x = 27033 + 10771. List the prime factors of x.
2, 13, 727
Suppose -53*y + 51*y = -6, y - 31823 = -4*d. What are the prime factors of d?
5, 37, 43
List the prime factors of (2233/28 + -4)/((-45)/(-1380)).
23, 101
Suppose -a = -4*s + 38955, 0 = -s + 4*a + 5745 + 3990. What are the prime factors of s?
9739
Let y = 2726 + -2224. List the prime factors of y.
2, 251
Suppose 5*m - 2*k = 320, 0 = -4*m + 2*k + 204 + 52. Let y be (((-26)/8)/1)/((-2)/m). Suppose 13*r = 14*r - y. List the prime factors of r.
2, 13
Let w(p) = 2*p**2 - 7*p + 9. Let g be w(1). Suppose 0 = 5*h - h + 4*a - 2576, g*h - a = 2581. List the prime factors of h.
3, 5, 43
Suppose 384 = 111*r - 60. Let q be (94 - 0/1) + 0. Suppose -r*p = q - 374. List the prime factors of p.
2, 5, 7
List the prime factors of ((-30)/8*(-90)/27)/(2/632).
2, 5, 79
Let y(o) = 17*o**3 - 3*o**2 - 11*o + 2. Let a be y(5). Let m = a + -1005. List the prime factors of m.
2, 31
Let j be (303/9)/(8/(-72)). Let a = 466 + j. What are the prime factors of a?
163
Let u = -49 - -1673. Suppose -x = 3*x. Suppose 0*j + 8*j - u = x. List the prime factors of j.
7, 29
Let n = 55 + -56. Let k be (-8)/((16/(-12))/(2*n)). What are the prime factors of 12/(-20)*(k - -2)?
2, 3
Let j = 2 + 3. Let g be (59 + 0)*(j - 6). Let m = 122 + g. List the prime factors of m.
3, 7
Let j be (-2499)/(-102)*(8 - -2). Suppose 0 = -0*d - 2*d + 3*l + 18, 16 = 4*d - l. Suppose t = 5*x + j, d*t - 2*x + 210 = 4*t. What are the prime factors of t?
2, 5, 11
Let g(b) = -41*b - 15*b - 10*b + 12. List the prime factors of g(-3).
2, 3, 5, 7
Let r(a) = -2*a**2 - 42*a + 3. Suppose 3*u + 81 - 18 = 0. Let k be r(u). What are the prime factors of 41/(-2)*k/((-12)/32)?
2, 41
Suppose -5*r + 2*w = -2276, -r - r + 2*w = -908. Let i = -259 + r. List the prime factors of i.
197
Let w(s) = s**3 - s**2 - 2*s + 3. Let i = 31 + -23. Let c be w(i). Suppose 4*h = 2*k - 555 + 95, h = -2*k + c. What are the prime factors of k?
2, 5, 11
Suppose 33 = 9*o - 3. Let f(p) = p - 4. Let j be f(6). List the prime factors of o*43 - (2 + j).
2, 3, 7
Suppose -2*g + 5*x = 4*x - 42210, -755*x = -759*x. What are the prime factors of g?
3, 5, 7, 67
Suppose 0 = -5*p - 5*i + 24649 + 28871, 0 = -5*p - 3*i + 53512. List the prime factors of p.
2, 5, 107
Suppose -5*c = 5*b + 38404 - 156344, 5*b + 2*c = 117925. Suppose 69269 - b = 53*w. List the prime factors of w.
2, 431
Let v(q) = q**3 + 25*q**2 - 269*q - 119. What are the prime factors of v(-32)?
1321
Let g be (-120)/(-15) - (-4 + (-4 - -17)). Suppose -4*b - x = -5*x - 2196, -3*x = -2*b + 1101. List the prime factors of (g + 0)/(((-30)/5)/b).
7, 13
Let x be (5/(-4))/((0 + -5)/(-260)). Let b = -65 - x. Suppose b = d + 5*q - 79, 0 = -4*q - 28 + 8. What are the prime factors of d?
2, 13
Suppose 27*r - 349 - 164 = 0. Suppose -r*i = -6*i - 1664. What are the prime factors of i?
2
Suppose 4*v + 5*i + 921 - 234 = 0, 5*i + 15 = 0. Let l = 397 + v. Suppose x = -54 + l. List the prime factors of x.
5, 7
Let k = 223 - 4. Let x = k - 113. List the prime factors of x.
2, 53
Let y be (992 - -4)*(-3 - -4). Let d be (4/(-3))/(8/y). Let z = -88 - d. List the prime factors of z.
2, 3, 13
Let v = -25975 + 37102. What are the prime factors of v?
3, 3709
Let f(s) = -5*s + 29. Let b be f(5). Suppose -b*p = -4*n - 4, 2*p = -4*n + 1 + 1. Suppose -3*i - u + 67 = n, -3*i = 2*u - 55 - 7. List the prime factors of i.
2, 3
Let m(p) = p**3 - 3*p**2 - 2*p - 6. Let h be m(4). Suppose 2*c + 46 = 3*s, 2*s - 80 = -2*s - h*c. List the prime factors of (s/4 - 4)*10.
5
Let g(c) = 2*c**2 - 93*c + 1222. What are the prime factors of g(85)?
3, 863
Suppose 0 = -48*s + 42*s - 42. What are the prime factors of (-332)/(-6) - ((-14)/6)/s?
5, 11
Let m = 967 + -663. Let h = 159 + m. List the prime factors of h.
463
Suppose -2*g = -3*z - 3, -4 - 8 = -z + 5*g. What are the prime factors of (1 - (z - -5))/((-3)/1866)?
2, 311
Let n(k) = 82*k + 99 + 110 - 53. What are the prime factors of n(14)?
2, 163
Let m = 454 + -192. Let s = 781 - m. What are the prime factors of s?
3, 173
Suppose 2*f - 291 = 3*t, -2*t + 439 = 4*f - 103. Suppose 5*k - 4*k = 0. Suppose j + k*j - f = 0. What are the prime factors of j?
2, 3, 23
Suppose 5*x - 29 = -5*v + 31, -5*v = -3*x - 44. Suppose 0 = 9*b - v*b + 411. Suppose b = 4*a - a. What are the prime factors of a?
137
Suppose 107*i + 37*i = 918576. What are the prime factors of i?
6379
Suppose -4*k + 13 = -3. Suppose 3*u = 3*d + 24, 0*d + k*u = -d + 7. What are the prime factors of 12*114/90*d/(-2)?
2, 19
Let g be ((-32)/(-10))/((-54)/15 - -4). List the prime factors of ((-40)/(-14))/(g + 1622/(-203)).
2, 5, 29
Let z(y) = y**3 + 9*y**2 + 11*y - 16. Let h be z(-3). Let k(u) = -1 + 2 - 3 + 6*u. List the prime factors of k(h).
2, 7
Let m = 97 - 91. Let d be (9/m)/((-1)/((-110)/15)). Suppose 396 = -d*s + 14*s. What are the prime factors of s?
2, 3, 11
Let q = -22 + 2